True
Is 28121647 a prime number?
True
Is 2184799 a prime number?
True
Is 5897 a composite number?
False
Is 13872107 a prime number?
True
Is 16369277 a composite number?
False
Is 104745173 a prime number?
False
Is 1003213 prime?
False
Is 35065 composite?
True
Is 9472369 prime?
False
Is 15385921 a prime number?
False
Is 215470963 a composite number?
True
Is 116852249 composite?
False
Is 302254811 a composite number?
True
Is 2857039 prime?
True
Is 1007857 a prime number?
True
Is 11698298 prime?
False
Is 8971069 composite?
True
Is 293229119 a prime number?
False
Is 6475387 prime?
True
Is 222888697 a composite number?
False
Is 540946033 composite?
False
Is 125887821 prime?
False
Is 119027 composite?
False
Is 14121581 prime?
True
Is 16086313 prime?
False
Is 15852007 a prime number?
False
Is 104097373 a prime number?
True
Is 40745417 prime?
False
Is 23457817 a prime number?
True
Is 2091259 a composite number?
True
Is 88898681 composite?
False
Is 6691227 composite?
True
Is 20967371 a composite number?
False
Is 715776829 a prime number?
True
Is 69669871 a prime number?
True
Is 1484969 a composite number?
False
Is 19628417 a composite number?
False
Is 267465959 a composite number?
True
Is 5115941 prime?
False
Is 19259599 a prime number?
True
Is 12369497 prime?
False
Is 274788347 prime?
False
Is 1980491 a composite number?
False
Is 865061 a prime number?
True
Is 48561187 prime?
True
Is 231661 a prime number?
True
Is 611839 a prime number?
True
Is 17174893 composite?
False
Is 447058 prime?
False
Is 4303199 a composite number?
False
Is 547679 prime?
False
Is 251645863 composite?
True
Is 5599367 a composite number?
False
Is 17780299 composite?
True
Is 1463053 prime?
False
Is 599687 a composite number?
True
Is 158340937 a prime number?
False
Is 19536787 a prime number?
False
Is 230312971 composite?
True
Is 2610529 prime?
True
Is 12978133 prime?
False
Is 16139735 prime?
False
Is 3136109 prime?
False
Is 1382543 composite?
False
Is 66718957 a prime number?
True
Is 5934697 composite?
False
Is 5897 a composite number?
False
Is 8805203 a prime number?
False
Is 229074793 a composite number?
False
Is 171091699 a prime number?
True
Is 632117 a composite number?
False
Is 254964841 a composite number?
False
Is 2246701 a composite number?
True
Is 1356097 composite?
True
Is 154074191 prime?
True
Is 50428913 a composite number?
True
Is 3540661 a prime number?
True
Is 56932729 composite?
True
Is 287598553 a prime number?
False
Is 359561 a composite number?
False
Is 6662687 prime?
False
Is 25020343 a prime number?
False
Is 44879257 a prime number?
True
Is 1263399 prime?
False
Is 627510337 composite?
False
Is 19315877 a composite number?
True
Is 1578559 prime?
False
Is 200525309 a prime number?
True
Is 2925707 a prime number?
True
Is 13031417 composite?
True
Is 2476919 a composite number?
True
Is 4524427 composite?
False
Is 2404383 a composite number?
True
Is 7898981 a prime number?
True
Is 17519959 prime?
True
Is 58780483 prime?
True
Is 610327777 composite?
True
Is 3308483 a composite number?
False
Is 2667443 a composite number?
True
Is 2698321 a composite number?
False
Is 7930003 a composite number?
False
Is 6416921 a composite number?
True
Is 91652689 prime?
True
Is 290308177 a prime number?
False
Is 22789913 composite?
False
Is 330288423 a composite number?
True
Is 12360463 composite?
True
Is 12511453 composite?
False
Is 101592881 prime?
False
Is 6834341 prime?
False
Is 271969093 a prime number?
False
Is 5137193 a prime number?
True
Is 153798811 prime?
True
Is 90581963 a prime number?
False
Is 1042807 a prime number?
False
Is 1567057 prime?
True
Is 96783593 a composite number?
True
Is 2928137 composite?
False
Is 207083387 a composite number?
True
Is 13249837 composite?
False
Is 880853 composite?
False
Is 12551501 prime?
True
Is 28199621 composite?
False
Is 7937417 composite?
True
Is 406600613 a prime number?
True
Is 32634029 composite?
False
Is 51069658 prime?
False
Is 101060317 a composite number?
False
Is 1941307 composite?
False
Is 229479799 prime?
False
Is 30133 a composite number?
False
Is 2343881 a composite number?
False
Is 851057 composite?
False
Is 6368501 composite?
False
Is 6660919 a prime number?
True
Is 2743727 composite?
True
Is 161495543 a prime number?
False
Is 723559343 prime?
False
Is 1321923 a composite number?
True
Is 5324453 prime?
True
Is 25255609 a composite number?
False
Is 2410997 a prime number?
True
Is 12069397 a prime number?
False
Is 10516739 a prime number?
False
Is 314749 composite?
True
Is 3870803 prime?
True
Is 54098489 a composite number?
True
Is 485131 a prime number?
True
Is 26578382 a prime number?
False
Is 90852973 composite?
True
Is 4918193 composite?
True
Is 63131963 prime?
True
Is 40745219 prime?
True
Is 1527787 composite?
True
Is 1621013 composite?
True
Is 12410467 composite?
False
Is 691139939 a prime number?
False
Is 405689651 a prime number?
True
Is 1896473881 prime?
True
Is 11217881 prime?
True
Is 2672171 a prime number?
True
Is 19812889 a composite number?
True
Is 6536743 a composite number?
False
Is 42954277 composite?
True
Is 424914731 a composite number?
False
Is 77610551 a prime number?
False
Is 771622 prime?
False
Is 142529 a prime number?
True
Is 324016873 composite?
False
Is 50605691 composite?
False
Is 20416549 prime?
True
Is 1312031 a composite number?
True
Is 481477 a prime number?
False
Is 22379849 composite?
True
Is 14539873 composite?
True
Is 295444049 a composite number?
True
Is 210502 a prime number?
False
Is 994361 composite?
True
Is 464117587 a composite number?
False
Is 4883839 a composite number?
False
Is 2112459 composite?
True
Is 4230311 a prime number?
True
Is 460133 composite?
True
Is 960749 a composite number?
True
Is 33896407 prime?
True
Is 232516831 composite?
False
Is 6052889 composite?
True
Is 620131 prime?
False
Is 4621777 composite?
False
Is 30004147 prime?
True
Is 469561 a composite number?
False
Is 8799403 prime?
True
Is 37161277 a composite number?
True
Is 150580789 a prime number?
False
Is 571487663 a composite number?
False
Is 13592783 a prime number?
False
Is 10877819 prime?
True
Is 40249679 a prime number?
True
Is 3276293 prime?
True
Is 104849 composite?
False
Is 92020777 composite?
False
Is 47576911 a composite number?
False
Is 69377141 composite?
True
Is 7707541 a composite number?
False
Is 3316033 prime?
False
Is 12276515 a composite number?
True
Is 18611267 composite?
False
Is 3181781 composite?
False
Is 141921691 a composite number?
False
Is 3838751 a composite number?
True
Is 44849615 a composite number?
True
Is 109767443 composite?
True
Is 900371 a prime number?
False
Is 3882629 a prime number?
False
Is 33492643 a prime number?
False
Is 172783 prime?
False
Is 7579217 a prime number?
False
Is 14212763 a prime number?
True
Is 56788085 prime?
False
Is 9305141 a prime number?
True
Is 2596801 prime?
False
Is 927639759 a composite number?
True
Is 174433999 composite?
True
Is 2158899 prime?
False
Is 2630197 a prime number?
True
Is 90855857 prime?
True
Is 95367719 a composite number?
False
Is 235594 a composite number?
True
Is 1874699 a composite number?
False
Is 11394001 a composite number?
True
Is 17127017 composite?
False
Is 13687969 a composite number?
False
Is 1363871 a prime number?
False
Is 920331283 prime?
True
Is 25496357 a prime number?
True
Is 5580517 composite?
False
Is 2791313 composite?
True
Is 71884469 composite?
True
Is 6655811 a composite number?
True
Is 56134181 a composite number?
False
Is 1322699 a prime number?
False
Is 111253111 a prime number?
True
Is 151113097 composite?
True
Is 154136587 prime?
False
Is 112139 composite?
False
Is 4373927 composite?
False
Is 104361323 composite?
True
Is 44525563 composite?
False
Is 6044347 composite?
False
Is 15854077 prime?
True
Is 6834311 composite?
True
Is 1723829 composite?
True
Is 49253 composite?
False
Is 132039433 a composite number?
False
Is 1054409 prime?
False
Is 6161579 prime?
True
Is 4204961 composite?
False
Is 15298189 composite?
True
Is 30818638 composite?
True
Is 1255237 a composite number?
False
Is 39067661 a composite number?
True
Is 433999411 a prime number?
False
Is 4275083 a composite number?
False
Is 9279121 a prime number?
False
Is 18385145 composite?
True
Is 50290183 prime?
True
Is 59836367 composite?
Tru